{"id":15731,"date":"2016-05-27T21:26:50","date_gmt":"2016-05-27T19:26:50","guid":{"rendered":"http:\/\/schmidtsolution.de\/2016\/?page_id=15731"},"modified":"2026-02-06T12:10:34","modified_gmt":"2026-02-06T11:10:34","slug":"impressum","status":"publish","type":"page","link":"https:\/\/schmidtsolution.de\/?page_id=15731","title":{"rendered":"Impressum"},"content":{"rendered":"<p>[vc_row][vc_column width=&#8220;1\/1&#8243;]<h1 class=\"headline font-special fontsize-m fontweight-700 lh-13 align-left transform-inherit \" style=\"margin: 0 0 40px 0; color: #003399;\">IMPRESSUM<\/h1>[vc_column_text]Verantwortlich f\u00fcr den Inhalt:<\/p>\n<p>Schmidt Solution<br \/>\nPla\u00dfstra\u00dfe 14<br \/>\n59609 Anr\u00f6chte<br \/>\nTelefon:\u00a0+49(0)170\/1258400<br \/>\n<a href=\"mailto:info@schmidtsolution.de\">info@schmidtsolution.de<\/a><\/p>\n<p>Inhaberin: Dr.-Ing. Corinna Schmidt<br \/>\nSteuer-Nr: 330\/5134\/2005<\/p>\n<p>Umsetzung Website:<br \/>\nKatja Wendlandt |\u00a0<a href=\"http:\/\/www.katjawendlandt.de\/\" target=\"_blank\" rel=\"noopener noreferrer\">www.katjawendlandt.de<\/a><\/p>\n<p>Fotos<br \/>\nEigene Fotos, www.shutterstock.com<\/p>\n<p><strong>Haftungsbeschr\u00e4nkung<\/strong><br \/>\nDie Inhalte dieser Website werden mit gr\u00f6\u00dftm\u00f6glicher Sorgfalt erstellt. Der Anbieter \u00fcbernimmt jedoch keine Gew\u00e4hr f\u00fcr die Richtigkeit, Vollst\u00e4ndigkeit und Aktualit\u00e4t der bereitgestellten Inhalte. Die Nutzung der Inhalte der Website erfolgt auf eigene Gefahr des Nutzers. Namentlich gekennzeichnete Beitr\u00e4ge geben die Meinung des jeweiligen Autors und nicht immer die Meinung des Anbieters wieder. Mit der reinen Nutzung der Website des Anbieters kommt keinerlei Vertragsverh\u00e4ltnis zwischen dem Nutzer und dem Anbieter zustande.<\/p>\n<p><strong>Urheber- und Leistungsschutzrechte<\/strong><br \/>\nDie auf dieser Website ver\u00f6ffentlichten Inhalte unterliegen dem deutschen Urheber- und Leistungsschutzrecht. Jede vom deutschen Urheber- und Leistungsschutzrecht nicht zugelassene Verwertung bedarf der vorherigen schriftlichen Zustimmung des Anbieters oder jeweiligen Rechteinhabers. Dies gilt insbesondere f\u00fcr Vervielf\u00e4ltigung, Bearbeitung, \u00fcbersetzung, Einspeicherung, Verarbeitung bzw. Wiedergabe von Inhalten in Datenbanken oder anderen elektronischen Medien und Systemen. Inhalte und Rechte Dritter sind dabei als solche gekennzeichnet. Die unerlaubte Vervielf\u00e4ltigung oder Weitergabe einzelner Inhalte oder kompletter Seiten ist nicht gestattet und strafbar. Lediglich die Herstellung von Kopien und Downloads f\u00fcr den pers\u00f6nlichen, privaten und nicht kommerziellen Gebrauch ist erlaubt. Die Darstellung dieser Website in fremden Frames ist nur mit schriftlicher Erlaubnis zul\u00e4ssig.<\/p>\n<p>Quelle: Muster-Disclaimer von Juraforum.de in Kooperation mit Experten-Branchenbuch.de<\/p>\n<p><a href=\"https:\/\/schmidtsolution.de\/?page_id=15736\">Datenschutzerkl\u00e4rung nach DSGVO<\/a>[\/vc_column_text][\/vc_column][\/vc_row]<\/p>\n","protected":false},"excerpt":{"rendered":"<p>[vc_row][vc_column width=&#8220;1\/1&#8243;][vc_column_text]Verantwortlich f\u00fcr den Inhalt: Schmidt Solution Pla\u00dfstra\u00dfe 14 59609 Anr\u00f6chte Telefon:\u00a0+49(0)170\/1258400 info@schmidtsolution.de Inhaberin: Dr.-Ing. Corinna Schmidt Steuer-Nr: 330\/5134\/2005 Umsetzung Website: Katja Wendlandt |\u00a0www.katjawendlandt.de Fotos Eigene Fotos, www.shutterstock.com Haftungsbeschr\u00e4nkung Die Inhalte dieser Website werden mit gr\u00f6\u00dftm\u00f6glicher Sorgfalt erstellt. Der Anbieter \u00fcbernimmt jedoch keine Gew\u00e4hr f\u00fcr die Richtigkeit, Vollst\u00e4ndigkeit und Aktualit\u00e4t der bereitgestellten Inhalte. Die Nutzung der Inhalte der Website erfolgt auf eigene Gefahr des Nutzers. Namentlich gekennzeichnete Beitr\u00e4ge geben die Meinung des jeweiligen Autors und nicht immer die Meinung des Anbieters wieder. Mit der reinen Nutzung der Website des Anbieters kommt keinerlei Vertragsverh\u00e4ltnis zwischen dem Nutzer und dem Anbieter zustande. Urheber- und Leistungsschutzrechte Die auf dieser Website ver\u00f6ffentlichten Inhalte unterliegen dem deutschen Urheber- und Leistungsschutzrecht. Jede vom deutschen Urheber- und Leistungsschutzrecht nicht zugelassene Verwertung bedarf der vorherigen schriftlichen Zustimmung des Anbieters oder jeweiligen Rechteinhabers. Dies gilt insbesondere f\u00fcr Vervielf\u00e4ltigung, Bearbeitung, \u00fcbersetzung, Einspeicherung, Verarbeitung bzw. Wiedergabe von Inhalten in Datenbanken oder anderen elektronischen Medien und Systemen. Inhalte und Rechte Dritter sind dabei als solche gekennzeichnet. Die unerlaubte Vervielf\u00e4ltigung oder Weitergabe einzelner Inhalte oder kompletter Seiten ist nicht gestattet und strafbar. Lediglich die Herstellung von Kopien und Downloads f\u00fcr den pers\u00f6nlichen, privaten und nicht kommerziellen Gebrauch ist erlaubt. Die Darstellung dieser Website [&hellip;]<\/p>\n","protected":false},"author":1,"featured_media":0,"parent":0,"menu_order":0,"comment_status":"closed","ping_status":"closed","template":"","meta":[],"_links":{"self":[{"href":"https:\/\/schmidtsolution.de\/index.php?rest_route=\/wp\/v2\/pages\/15731"}],"collection":[{"href":"https:\/\/schmidtsolution.de\/index.php?rest_route=\/wp\/v2\/pages"}],"about":[{"href":"https:\/\/schmidtsolution.de\/index.php?rest_route=\/wp\/v2\/types\/page"}],"author":[{"embeddable":true,"href":"https:\/\/schmidtsolution.de\/index.php?rest_route=\/wp\/v2\/users\/1"}],"replies":[{"embeddable":true,"href":"https:\/\/schmidtsolution.de\/index.php?rest_route=%2Fwp%2Fv2%2Fcomments&post=15731"}],"version-history":[{"count":7,"href":"https:\/\/schmidtsolution.de\/index.php?rest_route=\/wp\/v2\/pages\/15731\/revisions"}],"predecessor-version":[{"id":16038,"href":"https:\/\/schmidtsolution.de\/index.php?rest_route=\/wp\/v2\/pages\/15731\/revisions\/16038"}],"wp:attachment":[{"href":"https:\/\/schmidtsolution.de\/index.php?rest_route=%2Fwp%2Fv2%2Fmedia&parent=15731"}],"curies":[{"name":"wp","href":"https:\/\/api.w.org\/{rel}","templated":true}]}}