{"id":4174,"date":"2014-01-27T14:04:26","date_gmt":"2014-01-27T13:04:26","guid":{"rendered":"http:\/\/localhost:8888\/themes\/novice\/?page_id=4174"},"modified":"2016-11-22T10:56:50","modified_gmt":"2016-11-22T09:56:50","slug":"consulting","status":"publish","type":"page","link":"https:\/\/schmidtsolution.de\/?page_id=4174","title":{"rendered":"Consulting"},"content":{"rendered":"<p>[vc_row top_padding=&#8220;60&#8243;][vc_column width=&#8220;1\/4&#8243;]<div class=\"single_image wpb_content_element align-left    \" data-animation=\"none\" data-delay=\"0\"><img width=\"566\" height=\"667\" src=\"https:\/\/schmidtsolution.de\/2016\/wp-content\/uploads\/2014\/09\/consulting.jpg\" class=\"attachment-full\" alt=\"\" decoding=\"async\" loading=\"lazy\" title=\"consulting\" srcset=\"https:\/\/schmidtsolution.de\/2016\/wp-content\/uploads\/2014\/09\/consulting.jpg 566w, https:\/\/schmidtsolution.de\/2016\/wp-content\/uploads\/2014\/09\/consulting-255x300.jpg 255w\" sizes=\"(max-width: 566px) 100vw, 566px\" \/><\/div>[\/vc_column][vc_column width=&#8220;3\/4&#8243;][vc_column_text]<strong>Consulting<\/strong><\/p>\n<p>Wann ber\u00e4t der Berater und wann wird der Coach aktiv? Auch diese Frage\u00a0kl\u00e4ren wir mit Ihnen gemeinsam, denn sie bestimmen die Art und den Umfang der Beratung, egal ob diskret im Hintergrund oder hands on an der Basis &#8211; wie Sie es w\u00fcnschen und es die Situation erfordert.[\/vc_column_text][\/vc_column][\/vc_row][vc_row section_arrow=&#8220;false&#8220; top_padding=&#8220;50&#8243; bottom_padding=&#8220;0&#8243; bg_position=&#8220;left top&#8220;][vc_column width=&#8220;1\/2&#8243;]<div class=\"iconbox  wpb_content_element iconbox-style-2 icon-color-accent color-dark clearfix\"><div class=\"iconbox-icon\"><i class=\"fa  sl-pointer boxicon\" style=\"\"><\/i><\/div><div class=\"iconbox-content\"><h3>Situationsanalysen<\/h3><p>\u201eWer nicht wei\u00df, aus welcher Richtung der Wind weht \u2013 kann nicht entscheiden, wie die Segel zu setzen sind\u201c! Einer Beratung oder Coaching Situation geht die eingehende Analyse der w\u00e4hrenden Situation voraus. Umgebungs- Umfeld- und Stakeholderanalysen sind wichtige Werkzeuge zu Beurteilung des Status Quo \u2013 stellen aber nur einige M\u00f6glichkeiten dar, wie eine Sondierung der Ist-Aufnahme erfolgen kann. Unsere Beratung legt nicht nur Wert auf die Auswertung von belastbaren Zahlen und Daten, sondern ber\u00fccksichtigt\u00a0die Stimme der Beteiligten.<\/p><\/div><\/div>[\/vc_column][vc_column width=&#8220;1\/2&#8243;]<div class=\"iconbox  wpb_content_element iconbox-style-2 icon-color-accent color-dark clearfix\"><div class=\"iconbox-icon\"><i class=\"fa sl-cursor-move boxicon\" style=\"\"><\/i><\/div><div class=\"iconbox-content\"><h3>Konzeption<\/h3><p>Viele gute Ideen schlummern in den Schreibtischen der Mitarbeiter, die sich nicht trauen ihre Vorschl\u00e4ge zu unterbreiten. Schaffen Sie in Ihrem Unternehmen die Basis f\u00fcr einen offenen Umgang. In unserer Konzeptarbeit flie\u00dfen nicht nur wertvolle Erkenntnisse Ihrer Mitarbeiter ein, sondern es werden auch Personen hervorgehoben, deren Talente so manches Mal unerkannt geblieben sind. Konzepte werden entworfen und zur Diskussion gestellt. Die auszuw\u00e4hlende L\u00f6sung darf nie eine extern Eingekaufte sein!<\/p><\/div><\/div>[\/vc_column][\/vc_row][vc_row section_arrow=&#8220;false&#8220; top_padding=&#8220;50&#8243; bottom_padding=&#8220;0&#8243; bg_position=&#8220;left top&#8220;][vc_column width=&#8220;1\/2&#8243;]<div class=\"iconbox  wpb_content_element iconbox-style-2 icon-color-accent color-dark clearfix\"><div class=\"iconbox-icon\"><i class=\"fa sl-settings boxicon\" style=\"\"><\/i><\/div><div class=\"iconbox-content\"><h3>Implementierung<\/h3><p>Wir unterst\u00fctzen Sie bei der Implementierung der L\u00f6sung im In- und Ausland. Projekte scheitern oft in der Implementierungsphase daran, dass die verantwortlichen Personen v\u00f6llig \u00fcberlastet sind. Helfen Sie Ihrem Projekt auf die \u201eSpr\u00fcnge\u201c und entlasten Sie Ihre Mitarbeiter.<\/p><\/div><\/div>[\/vc_column][vc_column width=&#8220;1\/2&#8243;]<div class=\"iconbox  wpb_content_element iconbox-style-2 icon-color-accent color-dark clearfix\"><div class=\"iconbox-icon\"><i class=\"fa sl-refresh boxicon\" style=\"\"><\/i><\/div><div class=\"iconbox-content\"><h3>Wirksamkeitskontrolle<\/h3><p>Unser Unternehmen stellt die eigenen Ergebnisse stets vor eine kritische Betrachtung. Vereinbarte Merkmale und herausgearbeitete Indikatoren machen Leistung messbar.<\/p><\/div><\/div>[\/vc_column][\/vc_row][vc_row section_arrow=&#8220;false&#8220; top_padding=&#8220;50&#8243; bottom_padding=&#8220;0&#8243; bg_position=&#8220;left top&#8220;][vc_column width=&#8220;1\/2&#8243;]<div class=\"iconbox  wpb_content_element iconbox-style-2 icon-color-accent color-dark clearfix\"><div class=\"iconbox-icon\"><i class=\"fa sl-users boxicon\" style=\"\"><\/i><\/div><div class=\"iconbox-content\"><h3>Gruppen- und Einzelcoaching<\/h3><p>In Ihrem Unternehmen existieren leistungsstarke, interdisziplin\u00e4re Teams, die an hoch aktuellen, wichtigen Problemstellungen arbeiten? Es kommt immer wieder dazu, dass die Zusammenarbeit trotz extremen Fachwissens nicht reibungslos verl\u00e4uft und Synergien nicht entstehen oder nicht genutzt werden. Wir coachen Ihre Leistungsteams und f\u00f6rdern die Teamkultur unter Einbeziehung unserer Methodenkompetenz.<\/p>\n<p>Vorgesetzte aller F\u00fchrungsebenen stehen vor Extremsituationen und setzen sich mit pers\u00f6nlichen Konflikten auseinander. \u201eNiemand ist eine Insel\u201c \u2013 unterst\u00fctzen Sie sich und Ihre Mitarbeiter in wichtigen Positionen. Es gen\u00fcgt oft eine kurze Zeit der Begleitung, um die Marschrichtung abzusichern.<\/p><\/div><\/div>[\/vc_column][vc_column width=&#8220;1\/2&#8243;]<div class=\"iconbox  wpb_content_element iconbox-style-2 icon-color-accent color-dark clearfix\"><div class=\"iconbox-icon\"><i class=\"fa sl-user boxicon\" style=\"\"><\/i><\/div><div class=\"iconbox-content\"><h3>Schwachstellen-\/ Fit-Gap-Analyse<\/h3><p>Analysieren ist wichtig &#8211; die Auswertung der Analyseergebnisse liefert jedoch erst die Grundlage um Potentiale zu heben. Ein Soll-Ist-Vergleich mit anschlie\u00dfender Fit-Gap-Analyse ist ein optimaler Ansatz zur Identifizierung\u00a0von Schwachstellen.<\/p><\/div><\/div>[\/vc_column][\/vc_row][vc_row section_arrow=&#8220;false&#8220; top_padding=&#8220;50&#8243; bg_position=&#8220;left top&#8220;][vc_column width=&#8220;1\/2&#8243;]<div class=\"iconbox  wpb_content_element iconbox-style-2 icon-color-accent color-dark clearfix\"><div class=\"iconbox-icon\"><i class=\"fa sl-speech boxicon\" style=\"\"><\/i><\/div><div class=\"iconbox-content\"><h3>Vortragsgstaltung<\/h3><p>Erstellung von Keynote-Vortr\u00e4gen zu aktuellen und interessanten Themen und Fragestellungen.<\/p>\n<p>Sie ben\u00f6tigen Unterst\u00fctzung bei der Formulierung einer Rede oder Ansprache? Sie wollen den Plot einer Vertragsverhandlung oder eines \u00e4hnlichen Szenarios gestalten? Bei uns sind Sie richtig. \u201eBuild on the ideas of others\u201c \u2013 Mehrwert ist viel wert!<\/p><\/div><\/div>[\/vc_column][vc_column width=&#8220;1\/2&#8243;]<div class=\"iconbox  wpb_content_element iconbox-style-2 icon-color-accent color-dark clearfix\"><div class=\"iconbox-icon\"><i class=\"fa sl-graduation boxicon\" style=\"\"><\/i><\/div><div class=\"iconbox-content\"><h3>Schulungen<\/h3><p>In Zeiten zunehmend komplexerer Problemstellungen in extrem dynamischen Umfeldern, l\u00e4sst sich nicht mit einer Methode \u201edie Welt retten\u201c. Methodenvielfalt erm\u00f6glicht die individuelle Vorgehensweise mit der besten Methode. Unserem Unternehmen ist die Aktualit\u00e4t des vorhandenen Methodenwissens aus diesem Grund besonders wichtig. St\u00e4ndig bauen wir diese Expertise aus, um f\u00fcr unsere Kunden stets am Puls der Zeit zu sein.<\/p><\/div><\/div>[\/vc_column][\/vc_row][vc_row section_arrow=&#8220;false&#8220; top_padding=&#8220;50&#8243; bottom_padding=&#8220;100&#8243; bg_position=&#8220;left top&#8220;][vc_column width=&#8220;1\/2&#8243;]<div class=\"iconbox  wpb_content_element iconbox-style-2 icon-color-accent color-dark clearfix\"><div class=\"iconbox-icon\"><i class=\"fa sl-control-forward boxicon\" style=\"\"><\/i><\/div><div class=\"iconbox-content\"><h3>Wissenstransfer<\/h3><p>Lessons Learned\u00a0 &#8211; eine der wichtigsten Retrospektiven in der Projektarbeit. Wer das Wissen, entstanden aus den eigenen Fehlern nicht positiv umsetzt, verschwendet wertvolle Ressourcen.<\/p><\/div><\/div>[\/vc_column][vc_column width=&#8220;1\/2&#8243;]<div class=\"iconbox  wpb_content_element iconbox-style-2 icon-color-accent color-dark clearfix\"><div class=\"iconbox-icon\"><i class=\"fa sl-frame boxicon\" style=\"\"><\/i><\/div><div class=\"iconbox-content\"><h3>Pr\u00e4sentationsgestaltung<\/h3><p>\u00dcberlassen Sie den Erfolg Ihrer Pr\u00e4sentationen nicht dem Zufall. Wir unterst\u00fctzen Sie bei der Erstellung von Pr\u00e4sentationen f\u00fcr interne und externe Auftritte.<\/p><\/div><\/div>[\/vc_column][\/vc_row]<\/p>\n","protected":false},"excerpt":{"rendered":"<p>[vc_row top_padding=&#8220;60&#8243;][vc_column width=&#8220;1\/4&#8243;][\/vc_column][vc_column width=&#8220;3\/4&#8243;][vc_column_text]Consulting Wann ber\u00e4t der Berater und wann wird der Coach aktiv? Auch diese Frage\u00a0kl\u00e4ren wir mit Ihnen gemeinsam, denn sie bestimmen die Art und den Umfang der Beratung, egal ob diskret im Hintergrund oder hands on an der Basis &#8211; wie Sie es w\u00fcnschen und es die Situation erfordert.[\/vc_column_text][\/vc_column][\/vc_row][vc_row section_arrow=&#8220;false&#8220; top_padding=&#8220;50&#8243; bottom_padding=&#8220;0&#8243; bg_position=&#8220;left top&#8220;][vc_column width=&#8220;1\/2&#8243;][\/vc_column][vc_column width=&#8220;1\/2&#8243;][\/vc_column][\/vc_row][vc_row section_arrow=&#8220;false&#8220; top_padding=&#8220;50&#8243; bottom_padding=&#8220;0&#8243; bg_position=&#8220;left top&#8220;][vc_column width=&#8220;1\/2&#8243;][\/vc_column][vc_column width=&#8220;1\/2&#8243;][\/vc_column][\/vc_row][vc_row section_arrow=&#8220;false&#8220; top_padding=&#8220;50&#8243; bottom_padding=&#8220;0&#8243; bg_position=&#8220;left top&#8220;][vc_column width=&#8220;1\/2&#8243;][\/vc_column][vc_column width=&#8220;1\/2&#8243;][\/vc_column][\/vc_row][vc_row section_arrow=&#8220;false&#8220; top_padding=&#8220;50&#8243; bg_position=&#8220;left top&#8220;][vc_column width=&#8220;1\/2&#8243;][\/vc_column][vc_column width=&#8220;1\/2&#8243;][\/vc_column][\/vc_row][vc_row section_arrow=&#8220;false&#8220; top_padding=&#8220;50&#8243; bottom_padding=&#8220;100&#8243; bg_position=&#8220;left top&#8220;][vc_column width=&#8220;1\/2&#8243;][\/vc_column][vc_column width=&#8220;1\/2&#8243;][\/vc_column][\/vc_row]<\/p>\n","protected":false},"author":1,"featured_media":0,"parent":11366,"menu_order":0,"comment_status":"closed","ping_status":"closed","template":"","meta":[],"_links":{"self":[{"href":"https:\/\/schmidtsolution.de\/index.php?rest_route=\/wp\/v2\/pages\/4174"}],"collection":[{"href":"https:\/\/schmidtsolution.de\/index.php?rest_route=\/wp\/v2\/pages"}],"about":[{"href":"https:\/\/schmidtsolution.de\/index.php?rest_route=\/wp\/v2\/types\/page"}],"author":[{"embeddable":true,"href":"https:\/\/schmidtsolution.de\/index.php?rest_route=\/wp\/v2\/users\/1"}],"replies":[{"embeddable":true,"href":"https:\/\/schmidtsolution.de\/index.php?rest_route=%2Fwp%2Fv2%2Fcomments&post=4174"}],"version-history":[{"count":19,"href":"https:\/\/schmidtsolution.de\/index.php?rest_route=\/wp\/v2\/pages\/4174\/revisions"}],"predecessor-version":[{"id":15943,"href":"https:\/\/schmidtsolution.de\/index.php?rest_route=\/wp\/v2\/pages\/4174\/revisions\/15943"}],"up":[{"embeddable":true,"href":"https:\/\/schmidtsolution.de\/index.php?rest_route=\/wp\/v2\/pages\/11366"}],"wp:attachment":[{"href":"https:\/\/schmidtsolution.de\/index.php?rest_route=%2Fwp%2Fv2%2Fmedia&parent=4174"}],"curies":[{"name":"wp","href":"https:\/\/api.w.org\/{rel}","templated":true}]}}