{"id":9413,"date":"2014-07-04T10:38:55","date_gmt":"2014-07-04T10:38:55","guid":{"rendered":"http:\/\/localhost:8888\/themes\/ventory\/?page_id=9413"},"modified":"2017-04-27T11:45:01","modified_gmt":"2017-04-27T09:45:01","slug":"about-us-classic","status":"publish","type":"page","link":"https:\/\/schmidtsolution.de\/?page_id=9413","title":{"rendered":"Management"},"content":{"rendered":"<p>[vc_row bg_color=&#8220;#ffffff&#8220; text_color=&#8220;light&#8220; top_padding=&#8220;50&#8243; bottom_padding=&#8220;40&#8243; bg_position=&#8220;center center&#8220;][vc_column text_align=&#8220;center&#8220; width=&#8220;1\/1&#8243;]<h1 class=\"headline font-special fontsize-xxl fontweight-700 lh-13 align-center transform-inherit lowercase\" style=\"margin: 0 0 0 0; color: #003399;\">MANAGEMENT<\/h1><div class=\"headline font-inherit fontsize-m fontweight-400 lh-13 align-center transform-inherit lowercase\" style=\"margin: 0 0 0 0; color: #4893ed;\">.. kann der zentrale Schl\u00fcssel zur Erneuerung Ihres Unternehmens\/Ihrer Organisationen sein.<\/div><div class=\"divider divider1\" style='margin:25px 0 25px 0 !important;'><\/div><div class=\"headline font-inherit fontsize-s fontweight-400 lh-13 align-center transform-inherit lowercase\" style=\"margin: 0 0 0 0; color: #000000;\">Qualit\u00e4tsmanagement | Prozessmanagement | Projektmanagement | Innovation Management | Interimsmanagement |<br \/>\nWissensmanagement | Lean Management | Krisenmanagement | Change Management <\/div>[\/vc_column][\/vc_row][vc_row type=&#8220;full_width_section&#8220; bg_position=&#8220;left top&#8220;][vc_column animation=&#8220;fade-in-from-left&#8220; bg_color=&#8220;#f2f2f2&#8243; column_padding=&#8220;padding-5&#8243; column_center=&#8220;true&#8220; width=&#8220;1\/3&#8243;][vc_column_text css_animation=&#8220;right-to-left&#8220;]Mit einem wachen Qualit\u00e4tsbewusstsein und der absoluten Kundenorientierung gelingt es Ihnen die wichtigen Kundenanforderungen in Produktmerkmale umzusetzen. Auch die, die der Kunde selbst noch nicht eruiert hat.<\/p>\n<p><strong>Fangen Sie an Ihre Kunden zu verstehen, suchen Sie in deren Blick nicht nur die Anerkennung geleisteter Arbeit, sondern die Begeisterung f\u00fcr Geschaffenes.<\/strong>[\/vc_column_text][\/vc_column][vc_column animation=&#8220;fade-in&#8220; bg_color=&#8220;#a0ecf9&#8243; bg_image=&#8220;15977&#8243; column_padding=&#8220;padding-5&#8243; column_center=&#8220;true&#8220; text_color=&#8220;light&#8220; text_align=&#8220;center&#8220; width=&#8220;1\/3&#8243;]<h2 class=\"headline font-special fontsize-m fontweight-500 lh-inherit align-center transform-uppercase \" style=\"margin: 0 0 20px 0; color: #00ffff;\">QUALIT\u00c4TSMANAGEMENT<\/h2><div class=\"spacer\" style=\"height: 200px;\"><\/div>[vc_column_text css_animation=&#8220;appear&#8220;]<strong>\u00dcber Qualit\u00e4t entscheidet der Kunde.<\/strong>[\/vc_column_text][\/vc_column][vc_column animation=&#8220;fade-in-from-right&#8220; bg_color=&#8220;#f2f2f2&#8243; column_padding=&#8220;padding-5&#8243; column_center=&#8220;true&#8220; width=&#8220;1\/3&#8243;][vc_column_text css_animation=&#8220;left-to-right&#8220;]<strong>Unsere St\u00e4rken im Qualit\u00e4tsmanagement:<\/strong><\/p>\n<ul>\n<li>Aufbau Ihres\u00a0Qualit\u00e4tsmanagementsystems<\/li>\n<li>Optimierung vorhandener L\u00f6sungen<\/li>\n<li>Einbinden Ihrer Mitarbeiter in die Organisationsentwicklung<\/li>\n<li>Qualit\u00e4t als Mehrwert<\/li>\n<li>Auditmanagement (intern und extern)<\/li>\n<li>Schulung<\/li>\n<\/ul>\n<p>[\/vc_column_text][\/vc_column][\/vc_row][vc_row type=&#8220;full_width_section&#8220; bg_position=&#8220;left top&#8220;][vc_column animation=&#8220;fade-in-from-left&#8220; bg_color=&#8220;#ffffff&#8220; bg_image=&#8220;15898&#8243; column_padding=&#8220;padding-5&#8243; column_center=&#8220;true&#8220; width=&#8220;1\/3&#8243;]<div class=\"spacer\" style=\"height: 200px;\"><\/div>[\/vc_column][vc_column animation=&#8220;fade-in&#8220; bg_color=&#8220;#ffffff&#8220; column_padding=&#8220;padding-5&#8243; column_center=&#8220;true&#8220; width=&#8220;1\/3&#8243;][vc_column_text css_animation=&#8220;appear&#8220;]<strong>Kennen Sie Ihre Prozesse?<\/strong><\/p>\n<p>Wenn nicht, sollten Sie sich dringend mit ihnen auseinandersetzen. Prozesse ver\u00e4ndern sich wie Organisationen, M\u00e4rkte und Umfeld Bedingungen. In vielen Unternehmen bleibt eine einmal aufgestellte Prozesslandschaft in Stein gemei\u00dfelt. Nicht nur die Anforderungen an ein zertifizierungskonformes Managementsystem, sollten Sie dazu bewegen, sich st\u00e4ndig mit Ihren Prozessen zu besch\u00e4ftigen.[\/vc_column_text][\/vc_column][vc_column animation=&#8220;fade-in-from-right&#8220; bg_color=&#8220;#383838&#8243; column_padding=&#8220;padding-5&#8243; column_center=&#8220;true&#8220; text_color=&#8220;light&#8220; text_align=&#8220;center&#8220; width=&#8220;1\/3&#8243;]<h2 class=\"headline font-special fontsize-m fontweight-500 lh-inherit align-center transform-uppercase \" style=\"margin: 0 0 20px 0; color: #1cbac8;\">PROZESSMANAGEMENT<\/h2>[vc_column_text css_animation=&#8220;right-to-left&#8220;]Stellen Sie sich einem kritischen Blick von au\u00dfen.<\/p>\n<p><strong>Nehmen Sie einen Perspektivenwechsel vor \u2013 das ist unsere St\u00e4rke!<\/strong>[\/vc_column_text][\/vc_column][\/vc_row][vc_row type=&#8220;full_width_section&#8220; bg_position=&#8220;left top&#8220;][vc_column animation=&#8220;fade-in-from-left&#8220; bg_color=&#8220;#f2f2f2&#8243; column_padding=&#8220;padding-5&#8243; column_center=&#8220;true&#8220; width=&#8220;1\/3&#8243;][vc_column_text css_animation=&#8220;left-to-right&#8220;]<strong>Was w\u00e4ren wir ohne Projektmanagement \u2013 doch was hat Projektmanagement aus uns und unseren Organisationen gemacht?<\/strong><\/p>\n<p>Die Organisationsstrukturen in den mittelst\u00e4ndischen Organisationen sind nicht mitgewachsen, in den seltensten F\u00e4llen liegt eine Projektorganisation vor, was dazu f\u00fchrt, das Projekte neben dem Tagesgesch\u00e4ft laufen. Die Mitarbeiter sind v\u00f6llig \u00fcberlastet und frustriert. Es wird geplant und verwaltet \u2013 und die Projekte scheitern trotzdem und laufen aus dem Ruder.[\/vc_column_text][\/vc_column][vc_column animation=&#8220;fade-in&#8220; bg_color=&#8220;#a0ecf9&#8243; column_padding=&#8220;padding-5&#8243; column_center=&#8220;true&#8220; text_align=&#8220;center&#8220; width=&#8220;1\/3&#8243;]<h2 class=\"headline font-special fontsize-m fontweight-500 lh-inherit align-center transform-uppercase \" style=\"margin: 0 0 20px 0; color: #;\">PROJEKTMANAGEMENT<\/h2>[vc_column_text css_animation=&#8220;appear&#8220;]<strong>Lassen Sie Ihre Mitarbeiter und Ihre Projekte nicht vor die Wand laufen!<\/strong><\/p>\n<p>[\/vc_column_text][\/vc_column][vc_column animation=&#8220;fade-in-from-right&#8220; bg_color=&#8220;#f2f2f2&#8243; column_padding=&#8220;padding-5&#8243; column_center=&#8220;true&#8220; width=&#8220;1\/3&#8243;][vc_column_text css_animation=&#8220;right-to-left&#8220;]<strong>Komplexe, dynamische Projekte lassen sich nicht in das Korsett des klassischen Projektmanagements zw\u00e4ngen.<\/strong><\/p>\n<p>Hybride Vorgehensweisen mit den klaren Strukturen und Steuerungsmitteln des traditionellen Projektmanagements, erweitert um neue agile Ans\u00e4tze, wie z.B.\u00a0Design Thinking,\u00a0Projekt Kanban oder\u00a0Scrum\u00a0sind Vorgehen der Zukunft &#8211; Ein Weg Komplexit\u00e4t dynamisch und flexibel zu begegnen.[\/vc_column_text][\/vc_column][\/vc_row][vc_row type=&#8220;full_width_section&#8220; bg_position=&#8220;left top&#8220;][vc_column animation=&#8220;fade-in-from-left&#8220; bg_color=&#8220;#ffffff&#8220; column_padding=&#8220;padding-5&#8243; column_center=&#8220;true&#8220; width=&#8220;1\/3&#8243;]<h2 class=\"headline font-special fontsize-m fontweight-500 lh-inherit align-left transform-uppercase \" style=\"margin: 0 0 20px 0; color: #1cbac8;\">INNOVATION MANAGEMENT<\/h2>[vc_column_text css_animation=&#8220;left-to-right&#8220;]Verlassen Sie ausgetretene Pfade \u2013 lassen Sie los, finden Sie Freude an neuen Methoden und entdecken Sie Ihre kindliche Neugierde wieder\u2026<\/p>\n<p><strong>Sie werden staunen, was in Ihnen und Ihren Mitarbeitern steckt. <\/strong>[\/vc_column_text][\/vc_column][vc_column animation=&#8220;fade-in&#8220; bg_color=&#8220;#1cbac8&#8243; bg_image=&#8220;15709&#8243; column_padding=&#8220;padding-5&#8243; column_center=&#8220;true&#8220; text_color=&#8220;light&#8220; width=&#8220;1\/3&#8243;]<div class=\"spacer\" style=\"height: 200px;\"><\/div>[\/vc_column][vc_column animation=&#8220;fade-in-from-right&#8220; bg_image=&#8220;15897&#8243; column_padding=&#8220;padding-5&#8243; column_center=&#8220;true&#8220; width=&#8220;1\/3&#8243;]<div class=\"spacer\" style=\"height: 200px;\"><\/div>[\/vc_column][\/vc_row][vc_row type=&#8220;full_width_section&#8220; bg_position=&#8220;left top&#8220;][vc_column animation=&#8220;fade-in-from-left&#8220; bg_color=&#8220;#1cbac8&#8243; column_padding=&#8220;padding-5&#8243; column_center=&#8220;true&#8220; text_color=&#8220;light&#8220; width=&#8220;1\/3&#8243;][vc_column_text css_animation=&#8220;left-to-right&#8220;]Bereichern Sie Ihr Unternehmen\/Ihre Organisation durch frischen Wind. Nehmen Sie sich die Zeit, die richtige Person f\u00fcr die Herausforderung in Ihrem Unternehmen zu finden. Das tempor\u00e4re \u00dcberbr\u00fccken, schlie\u00dft L\u00fccken und stellt eine Chance dar, neue Wege zu beschreiten. Belasten Sie sich und Ihr Management nicht mit Umstrukturierungs- oder Verlagerungsprojekten. Interimsmanagement unterst\u00fctzt gezielt mit fachlicher Expertise \u2013 da, wo und wann der Kunde es ben\u00f6tigt.[\/vc_column_text][\/vc_column][vc_column animation=&#8220;fade-in&#8220; bg_color=&#8220;#f2f2f2&#8243; column_padding=&#8220;padding-5&#8243; column_center=&#8220;true&#8220; text_align=&#8220;center&#8220; width=&#8220;1\/3&#8243;]<h2 class=\"headline font-special fontsize-m fontweight-500 lh-inherit align-left transform-uppercase \" style=\"margin: 0 0 20px 0; color: #1cbac8;\">INTERIMSMANAGEMENT<\/h2>[vc_column_text css_animation=&#8220;appear&#8220;]<em><strong>\u201eWer \u00f6fters mal die Farbe wechselt hat ein <span style=\"color: #006cff;\">b<\/span><span style=\"color: #339933;\">u<\/span><span style=\"color: #cc00ff;\">n<\/span><span style=\"color: #cc0000;\">t<\/span><span style=\"color: #ff9900;\">e<\/span><span style=\"color: #996666;\">r<\/span><span style=\"color: #33cccc;\">e<\/span><span style=\"color: #ff00ff;\">s<\/span> Leben\u201c<\/strong><\/em>[\/vc_column_text][\/vc_column][vc_column animation=&#8220;fade-in-from-right&#8220; bg_color=&#8220;#30caf9&#8243; column_padding=&#8220;padding-5&#8243; column_center=&#8220;true&#8220; text_color=&#8220;light&#8220; width=&#8220;1\/3&#8243;][vc_column_text css_animation=&#8220;right-to-left&#8220;]<strong>In diesen Bereichen stehen wir Ihnen gerne zur Seite:<\/strong><\/p>\n<ul>\n<li>Unternehmensentwicklung<\/li>\n<li>Qualit\u00e4tsmanagement<\/li>\n<li>Projektmanagement<\/li>\n<li>Innovationsmanagement<\/li>\n<li>Change-Management<\/li>\n<li>Prozessmanagement<\/li>\n<\/ul>\n<p>[\/vc_column_text][\/vc_column][\/vc_row][vc_row type=&#8220;full_width_section&#8220; bg_position=&#8220;left top&#8220;][vc_column animation=&#8220;fade-in-from-left&#8220; column_padding=&#8220;padding-5&#8243; column_center=&#8220;true&#8220; width=&#8220;1\/3&#8243;]<h2 class=\"headline font-special fontsize-m fontweight-500 lh-inherit align-left transform-uppercase \" style=\"margin: 0 0 20px 0; color: #1cbac8;\">WISSENSMANAGEMENT<\/h2>[vc_column_text css_animation=&#8220;appear&#8220;]<span style=\"color: #000000;\"><strong>\u201eDaten als W\u00e4hrung der Zukunft\u201c<\/strong><\/span><\/p>\n<p><span style=\"color: #000000;\">Kennen Sie den \u00a0\u00f6konomischen und volkswirtschaftlichen Nutzen Ihrer Daten als Ware?<\/span>[\/vc_column_text][\/vc_column][vc_column animation=&#8220;fade-in&#8220; bg_color=&#8220;#ffffff&#8220; bg_image=&#8220;15902&#8243; column_padding=&#8220;padding-5&#8243; column_center=&#8220;true&#8220; width=&#8220;1\/3&#8243;]<div class=\"spacer\" style=\"height: 200px;\"><\/div>[\/vc_column][vc_column animation=&#8220;fade-in-from-right&#8220; column_padding=&#8220;padding-5&#8243; column_center=&#8220;true&#8220; width=&#8220;1\/3&#8243;][vc_column_text css_animation=&#8220;right-to-left&#8220;]Daten sind heute mehr denn je wichtige Treiber des wirtschaftlichen Erfolgs und Wachstums. Das hebt Potentiale und birgt Risiken, insbesondere \u00a0unter dem Einfluss wichtiger Trend, wie Digitalisierung, Industrie 4.0, Mobilit\u00e4t, etc. Scannen Sie Ihr Unternehmen auf Datenstrukturen, Quellen und Informationsfl\u00fcsse. Erkennen Sie die Kommunikationsstruktur in Ihrem Unternehmen \u2013 es sind die Datenadern, die weder verstopfen, noch angezapft werden d\u00fcrfen.[\/vc_column_text][\/vc_column][\/vc_row][vc_row type=&#8220;full_width_section&#8220; bg_position=&#8220;left top&#8220;][vc_column animation=&#8220;fade-in-from-left&#8220; bg_color=&#8220;#f2f2f2&#8243; column_padding=&#8220;padding-5&#8243; column_center=&#8220;true&#8220; width=&#8220;1\/3&#8243;]<h2 class=\"headline font-special fontsize-m fontweight-500 lh-inherit align-left transform-uppercase \" style=\"margin: 0 0 20px 0; color: #1cbac8;\">LEAN MANAGEMENT |<br \/>\nEVOLUTIONSMANAGEMENT<\/h2>[vc_column_text css_animation=&#8220;left-to-right&#8220;]<strong>Der Weg ist das Ziel \u2013 Schritt f\u00fcr Schritt zum Erfolg.<\/strong><\/p>\n<p>Warum ist das LEAN Management auch f\u00fcr Ihr Unternehmen von gro\u00dfer Bedeutung?[\/vc_column_text][\/vc_column][vc_column animation=&#8220;fade-in&#8220; bg_color=&#8220;#f2f2f2&#8243; column_padding=&#8220;padding-5&#8243; column_center=&#8220;true&#8220; width=&#8220;1\/3&#8243;][vc_column_text css_animation=&#8220;appear&#8220;]Sie wollen unter Konzentration auf das Wesentliche (Kundenorientierung) bei m\u00f6glichst geringem\u00a0Ressourceneinsatz? Genau darum geht es im LEAN Management\u00a0&#8211;\u00a0ohne Verschwendung wertvoller Ressourcen bei k\u00fcrzerer Entwicklungszeit qualitativ hochwertige Produkte bereitstellen.<\/p>\n<p>[\/vc_column_text][\/vc_column][vc_column animation=&#8220;fade-in-from-right&#8220; bg_color=&#8220;#1cbac8&#8243; column_padding=&#8220;padding-5&#8243; column_center=&#8220;true&#8220; text_color=&#8220;light&#8220; width=&#8220;1\/3&#8243;][vc_column_text]<strong>Unser Service:<\/strong><\/p>\n<p>LEAN Innovation,\u00a0LEAN Development,\u00a0LEAN Production,\u00a0LEAN Administration,\u00a0LEAN Methoden (KVP,\u00a05S,\u00a0LEAN SIX SIGMA und\u00a0weitere),\u00a0LEAN Schulungen,\u00a0LEAN Projektbetreuung[\/vc_column_text][\/vc_column][\/vc_row][vc_row type=&#8220;full_width_section&#8220; bg_position=&#8220;left top&#8220;][vc_column animation=&#8220;fade-in-from-left&#8220; bg_image=&#8220;16001&#8243; column_padding=&#8220;padding-5&#8243; column_center=&#8220;true&#8220; width=&#8220;1\/3&#8243;]<div class=\"spacer\" style=\"height: 200px;\"><\/div>[\/vc_column][vc_column animation=&#8220;fade-in-from-left&#8220; bg_color=&#8220;#ffffff&#8220; column_padding=&#8220;padding-5&#8243; column_center=&#8220;true&#8220; width=&#8220;1\/3&#8243;]<h2 class=\"headline font-special fontsize-m fontweight-500 lh-inherit align-left transform-uppercase \" style=\"margin: 0 0 20px 0; color: #1cbac8;\">KRISENMANAGEMENT<\/h2>[vc_column_text css_animation=&#8220;left-to-right&#8220;]<strong>Krisen werden erst dann gef\u00e4hrlich, wenn diese untersch\u00e4tzt oder ignoriert werden.<\/strong><\/p>\n<p>Betreiben Sie ein aktives Krisenmanagement. Schaffen Sie eine Kultur der Offenheit und Fehlertoleranz. Krisenbew\u00e4ltigung ist Chefsache \u2013 zeigen Sie Ihre\u00a0F\u00fchrungsqualit\u00e4ten.[\/vc_column_text][\/vc_column][vc_column animation=&#8220;fade-in&#8220; column_padding=&#8220;padding-5&#8243; column_center=&#8220;true&#8220; width=&#8220;1\/3&#8243;][vc_column_text css_animation=&#8220;right-to-left&#8220;]Erkennen Sie die Signale rechtzeitig, um pr\u00e4ventiv vorzubeugen. Sch\u00e4rfen Sie Ihr Risikobewusstsein und das Ihrer Mitarbeiter. Von Krisen ist das gesamte Unternehmen betroffen \u2013 somit ist das Bewusstsein aller Mitarbeiter zu sch\u00e4rfen.<\/p>\n<p><em>Krisenkommunikation\u00a0|\u00a0Krisenpr\u00e4vention |Krisen\u00fcbung\u00a0|\u00a0Medientraining |\u00a0Incident Management\u00a0|\u00a0Fr\u00fchwarnsystem<\/em>[\/vc_column_text][\/vc_column][\/vc_row][vc_row type=&#8220;full_width_section&#8220; bg_position=&#8220;left top&#8220;][vc_column animation=&#8220;fade-in&#8220; bg_color=&#8220;#f2f2f2&#8243; column_padding=&#8220;padding-5&#8243; column_center=&#8220;true&#8220; text_align=&#8220;center&#8220; width=&#8220;1\/3&#8243;]<h2 class=\"headline font-special fontsize-m fontweight-500 lh-inherit align-center transform-uppercase \" style=\"margin: 0 0 20px 0; color: #0cc0ea;\">CHANGE MANAGEMENT<\/h2>[vc_column_text css_animation=&#8220;appear&#8220;]<em><strong>\u201eIch tr\u00e4umte, ich h\u00e4tte bereits\u2026\u2026\u201c<\/strong><\/em><br \/>\nWarum scheitern so viele interne Projekte bei der Umsetzung. Was macht es so schwer eine bestehende Struktur oder Vorgehensweise zu ver\u00e4ndern?<\/p>\n<p><strong>Schl\u00fcsselfigur: Mensch.<\/strong>[\/vc_column_text][\/vc_column][vc_column animation=&#8220;fade-in-from-left&#8220; bg_color=&#8220;#f2f2f2&#8243; bg_image=&#8220;15972&#8243; column_padding=&#8220;padding-5&#8243; column_center=&#8220;true&#8220; width=&#8220;1\/3&#8243;]<div class=\"spacer\" style=\"height: 200px;\"><\/div>[\/vc_column][vc_column animation=&#8220;fade-in-from-right&#8220; bg_color=&#8220;#0cc0ea&#8220; column_padding=&#8220;padding-5&#8243; column_center=&#8220;true&#8220; text_color=&#8220;light&#8220; width=&#8220;1\/3&#8243;]<h1 class=\"headline font-special fontsize-xl fontweight-900 lh-inherit align-center transform-uppercase \" style=\"margin: 0 0 20px 0;\">Schl\u00fcsselfigur: Mensch.<\/h1>[\/vc_column][\/vc_row]<\/p>\n","protected":false},"excerpt":{"rendered":"<p>[vc_row bg_color=&#8220;#ffffff&#8220; text_color=&#8220;light&#8220; top_padding=&#8220;50&#8243; bottom_padding=&#8220;40&#8243; bg_position=&#8220;center center&#8220;][vc_column text_align=&#8220;center&#8220; width=&#8220;1\/1&#8243;][\/vc_column][\/vc_row][vc_row type=&#8220;full_width_section&#8220; bg_position=&#8220;left top&#8220;][vc_column animation=&#8220;fade-in-from-left&#8220; bg_color=&#8220;#f2f2f2&#8243; column_padding=&#8220;padding-5&#8243; column_center=&#8220;true&#8220; width=&#8220;1\/3&#8243;][vc_column_text css_animation=&#8220;right-to-left&#8220;]Mit einem wachen Qualit\u00e4tsbewusstsein und der absoluten Kundenorientierung gelingt es Ihnen die wichtigen Kundenanforderungen in Produktmerkmale umzusetzen. Auch die, die der Kunde selbst noch nicht eruiert hat. Fangen Sie an Ihre Kunden zu verstehen, suchen Sie in deren Blick nicht nur die Anerkennung geleisteter Arbeit, sondern die Begeisterung f\u00fcr Geschaffenes.[\/vc_column_text][\/vc_column][vc_column animation=&#8220;fade-in&#8220; bg_color=&#8220;#a0ecf9&#8243; bg_image=&#8220;15977&#8243; column_padding=&#8220;padding-5&#8243; column_center=&#8220;true&#8220; text_color=&#8220;light&#8220; text_align=&#8220;center&#8220; width=&#8220;1\/3&#8243;][vc_column_text css_animation=&#8220;appear&#8220;]\u00dcber Qualit\u00e4t entscheidet der Kunde.[\/vc_column_text][\/vc_column][vc_column animation=&#8220;fade-in-from-right&#8220; bg_color=&#8220;#f2f2f2&#8243; column_padding=&#8220;padding-5&#8243; column_center=&#8220;true&#8220; width=&#8220;1\/3&#8243;][vc_column_text css_animation=&#8220;left-to-right&#8220;]Unsere St\u00e4rken im Qualit\u00e4tsmanagement: Aufbau Ihres\u00a0Qualit\u00e4tsmanagementsystems Optimierung vorhandener L\u00f6sungen Einbinden Ihrer Mitarbeiter in die Organisationsentwicklung Qualit\u00e4t als Mehrwert Auditmanagement (intern und extern) Schulung [\/vc_column_text][\/vc_column][\/vc_row][vc_row type=&#8220;full_width_section&#8220; bg_position=&#8220;left top&#8220;][vc_column animation=&#8220;fade-in-from-left&#8220; bg_color=&#8220;#ffffff&#8220; bg_image=&#8220;15898&#8243; column_padding=&#8220;padding-5&#8243; column_center=&#8220;true&#8220; width=&#8220;1\/3&#8243;][\/vc_column][vc_column animation=&#8220;fade-in&#8220; bg_color=&#8220;#ffffff&#8220; column_padding=&#8220;padding-5&#8243; column_center=&#8220;true&#8220; width=&#8220;1\/3&#8243;][vc_column_text css_animation=&#8220;appear&#8220;]Kennen Sie Ihre Prozesse? Wenn nicht, sollten Sie sich dringend mit ihnen auseinandersetzen. Prozesse ver\u00e4ndern sich wie Organisationen, M\u00e4rkte und Umfeld Bedingungen. In vielen Unternehmen bleibt eine einmal aufgestellte Prozesslandschaft in Stein gemei\u00dfelt. Nicht nur die Anforderungen an ein zertifizierungskonformes Managementsystem, sollten Sie dazu bewegen, sich st\u00e4ndig mit Ihren Prozessen zu besch\u00e4ftigen.[\/vc_column_text][\/vc_column][vc_column animation=&#8220;fade-in-from-right&#8220; bg_color=&#8220;#383838&#8243; column_padding=&#8220;padding-5&#8243; column_center=&#8220;true&#8220; text_color=&#8220;light&#8220; text_align=&#8220;center&#8220; width=&#8220;1\/3&#8243;][vc_column_text css_animation=&#8220;right-to-left&#8220;]Stellen Sie sich einem kritischen Blick von au\u00dfen. Nehmen Sie einen Perspektivenwechsel vor \u2013 das ist unsere St\u00e4rke![\/vc_column_text][\/vc_column][\/vc_row][vc_row [&hellip;]<\/p>\n","protected":false},"author":1,"featured_media":0,"parent":11366,"menu_order":0,"comment_status":"open","ping_status":"open","template":"","meta":[],"_links":{"self":[{"href":"https:\/\/schmidtsolution.de\/index.php?rest_route=\/wp\/v2\/pages\/9413"}],"collection":[{"href":"https:\/\/schmidtsolution.de\/index.php?rest_route=\/wp\/v2\/pages"}],"about":[{"href":"https:\/\/schmidtsolution.de\/index.php?rest_route=\/wp\/v2\/types\/page"}],"author":[{"embeddable":true,"href":"https:\/\/schmidtsolution.de\/index.php?rest_route=\/wp\/v2\/users\/1"}],"replies":[{"embeddable":true,"href":"https:\/\/schmidtsolution.de\/index.php?rest_route=%2Fwp%2Fv2%2Fcomments&post=9413"}],"version-history":[{"count":50,"href":"https:\/\/schmidtsolution.de\/index.php?rest_route=\/wp\/v2\/pages\/9413\/revisions"}],"predecessor-version":[{"id":16002,"href":"https:\/\/schmidtsolution.de\/index.php?rest_route=\/wp\/v2\/pages\/9413\/revisions\/16002"}],"up":[{"embeddable":true,"href":"https:\/\/schmidtsolution.de\/index.php?rest_route=\/wp\/v2\/pages\/11366"}],"wp:attachment":[{"href":"https:\/\/schmidtsolution.de\/index.php?rest_route=%2Fwp%2Fv2%2Fmedia&parent=9413"}],"curies":[{"name":"wp","href":"https:\/\/api.w.org\/{rel}","templated":true}]}}